+ x. Suppose 4*d - 4*y = -0*y + 484, -d + 3*y + s = 0. List the prime factors of d.
7, 17
Suppose 18*o = -3295 - 467. Let t = 425 + o. What are the prime factors of t?
2, 3
Suppose 0 = 4*x - 2*h + 9908 - 64108, 11*x = -2*h + 149095. List the prime factors of x.
13553
Let a(j) = -3*j - 18. Let t be a(0). Let h be (-38)/t - 2/18. Suppose -d + 67 = h*r, 35 = d + r - 34. List the prime factors of d.
71
List the prime factors of (1685/(-10))/((-9)/90).
5, 337
Let m = 18 + -13. Suppose -198 = -m*k + 57. List the prime factors of k.
3, 17
Suppose -19322 = -4*p - r, 0 = -4*p + 2*r + 12450 + 6866. What are the prime factors of p?
2, 3, 5, 7, 23
Suppose l + 117 = 4*l. Let o = 44 - 41. Suppose -o*r = 5*x - 728, 2*x - r - l = 250. What are the prime factors of x?
5, 29
Let k(y) = 172*y + 295. List the prime factors of k(14).
3, 17, 53
Let g be 4*(-2 - (0 + -4)). Suppose 6*l - 24 = g*l. List the prime factors of 2 + (-483)/l + (-1)/4.
2, 3, 7
Let r = -756 - -2189. Let z = r - 135. What are the prime factors of z?
2, 11, 59
Let l = 198 + -37. Suppose l*i = 158*i + 2082. What are the prime factors of i?
2, 347
Let l(q) = -5*q - 6. Let d be l(-2). Suppose -5 = p + 4*b - 2, 2 = d*p + 2*b. Let m(j) = 61*j + 1. What are the prime factors of m(p)?
2, 31
Suppose -n = f - 43891, -36*n - 87734 = -38*n + 14*f. List the prime factors of n.
2, 13, 211
Let c(o) = -12*o**3 - 23*o**2 + o + 3. Suppose 0 = 55*r - 57*r - 10. What are the prime factors of c(r)?
13, 71
Let j(p) = 2*p**2 + 10. Let a be j(-14). Let k = a - 171. List the prime factors of k.
3, 7, 11
Suppose q + 0*q = 5*k + 62, 4*k = 3*q - 208. Let s = -37 + q. What are the prime factors of (-2)/((-75)/s - -2)?
2, 7
Let u(x) = x**2 - x - 1. Let g(t) = 2*t**2 - 11*t + 3. Let y(j) = g(j) + 4*u(j). List the prime factors of y(7).
2, 47
Let o(v) = -v**3 + 15*v**2 + 2*v - 40. Let t be o(15). List the prime factors of (7264/t)/(-1) - 90/225.
2, 3, 11
Suppose -t + 14190 = r, -60*r = -58*r - 2. What are the prime factors of t?
7, 2027
Let n = 57153 + -34151. List the prime factors of n.
2, 7, 31, 53
Let p be (-2 + 5)*5/(-16 + 1). Let a be (-5 + 9)*p/2. List the prime factors of -2 - 2*163/a*1.
7, 23
Let s(f) = 29*f + 2123. Let r be s(0). Suppose 7*i + r = 3*g + 12*i, -5*i = 2*g - 1412. List the prime factors of g.
3, 79
Let y be -48*(9/2)/9. Let h be (-1)/((-3)/(-270))*y/20. List the prime factors of h/(-15)*(-60)/8.
2, 3
Suppose 5 = -3*o + 20. Suppose j - o*j = -v - 1760, 5*j = v + 2199. What are the prime factors of j?
439
Suppose -145*q + 254*q - 189*q + 1176400 = 0. List the prime factors of q.
5, 17, 173
Let h be (((-16)/(-10))/(-4))/((-3)/990). Let b = 231 - h. Suppose 3*z + 0 = s + 55, 5*z + 2*s - b = 0. List the prime factors of z.
19
Let f = 1335 + -289. Suppose 14059 = 13*h + f. List the prime factors of h.
7, 11, 13
Suppose -159726 - 275086 = -53*x. What are the prime factors of x?
2, 7, 293
What are the prime factors of ((-70245)/(-4) + 2)/(-6*(-1)/24)?
163, 431
List the prime factors of (-155)/25 + (-72)/90 + 14931.
2, 7, 13, 41
Let s = -5476 - -5521. Let z = 453 - 312. Let x = z + s. What are the prime factors of x?
2, 3, 31
Let j(b) = 12*b - 274. Let a(s) = -8*s + 183. Let w(o) = 8*a(o) + 5*j(o). Let m = 36 + -36. List the prime factors of w(m).
2, 47
What are the prime factors of 2 - ((-1)/(9*(-5)/(-375795)) - -1)?
2, 3, 29
Suppose -1595 = 3*j - 4*f, -13*j = -5*f - 1839 + 8726. Let c = -8 - -6. List the prime factors of 3 + 7/c + j/(-2).
2, 3, 11
Let z(v) = -159*v + 1159. List the prime factors of z(-17).
2, 1931
Suppose 0 = 4*d - 2*k - 386, -4*d = -0*k + 4*k - 356. Suppose -115 = -29*i + 58*i - 34*i. Let a = d - i. What are the prime factors of a?
71
Suppose 68 = -2*n + 66, 5*o = 5*n + 31800. What are the prime factors of o?
6359
Let m(n) = 15*n - 4. Let z = 18 + -18. Suppose u - 5*b - 17 = z, -5*u = 5*b - 0*b + 5. What are the prime factors of m(u)?
2, 13
Suppose 123*l = 64*l + 715729. What are the prime factors of l?
7, 1733
Let r = 116 - 207. Let p = r - -81. List the prime factors of (p/(-35) - 32/14) + 266.
2, 3, 11
Let b(t) = t**3 + 12*t**2 - 11. Let f be (-16)/4 - (11 - 4). Let g be b(f). Suppose -g = -23*w + 18*w. What are the prime factors of w?
2, 11
Let q = -10 - -18. Let w(s) be the first derivative of 5*s**2 + s - 62. List the prime factors of w(q).
3
Suppose -13*u + 18*u = -21*u + 13728. List the prime factors of u.
2, 3, 11
Suppose -354*h - 361*h + 702*h + 353444 = 0. What are the prime factors of h?
2, 7, 971
Let s(c) = 48*c - 52. Let u be s(8). Suppose -25*r + 24*r = -u. List the prime factors of r.
2, 83
Let h be 4/7*(-7882)/(-4). Let p = -410 + h. List the prime factors of p.
2, 179
Let k(n) = -809*n**3 + 3*n**2 + 135*n + 405. List the prime factors of k(-3).
2, 3, 5
Let g(n) = -n**3 + 2*n**2 + 4*n - 1. Let k be g(3). Suppose 21 = 5*b - k*p + 96, 5*b + 2*p = -95. Let s = b - -33. What are the prime factors of s?
2
Suppose 9*i - 65695 = 4*i + 4*m, -15 = -3*m. Suppose 18*o - 11679 = i. What are the prime factors of o?
7, 197
Suppose -2*f + 4*g + 11 - 1 = 0, 0 = 4*f + g + 7. What are the prime factors of 3/(-15)*-284 + f/(-5)?
3, 19
Let t be (-6)/4*(-56)/(-12). Let p = t + 7. Suppose -c - 4*f + 103 = p, -173 - 139 = -4*c + 4*f. What are the prime factors of c?
83
Let x(c) = -4640*c - 458. What are the prime factors of x(-2)?
2, 11, 401
Suppose 123*d - 2744430 = -89*d + 17*d. What are the prime factors of d?
2, 31, 227
Let g(k) = -264*k + 66. Let w be g(7). Let q = -784 - w. List the prime factors of q.
2, 499
Suppose 13*t = 442 + 2834. Suppose 0 = 3*p - 3*n - 162, 4*n - t = -5*p - 0*n. List the prime factors of p.
2, 13
Let r = -27486 + 33033. What are the prime factors of r?
3, 43
Let f = 160 - 155. Suppose 0 = 4*j + f*g - 224, 3*g = 2*j - 0*g - 134. List the prime factors of j.
61
Suppose -25*s + 28 = -11*s. Let p = -3 - -5. Suppose 0*y - 4*z = -s*y + 146, -4*y - p*z = -272. List the prime factors of y.
3, 23
Suppose -61*w + 1344058 = -2148680. List the prime factors of w.
2, 3, 3181
Let g(n) = -6*n**3 + n**2 + 4*n + 8. Let c be g(-4). Let h be (-2)/13 - 54/(-13). List the prime factors of h/(-6) + c/3.
2, 5, 13
Suppose -20*s + 33500 = -4640. What are the prime factors of s?
1907
Let n = 84 - 76. Let i be 7 + (4 - n - -8). Let g = i - -20. What are the prime factors of g?
31
What are the prime factors of 5 - 506/4*((-63)/(-9) - 65)?
2, 3671
Suppose 7*a + 35012 = 8*a - 2*m, 5*a + 5*m = 175150. What are the prime factors of a?
2, 11, 199
Suppose -385*c + 27957 = -480000 - 309783. List the prime factors of c.
2, 3, 59
Suppose -4*i + 1230 = -5*u, -7*i - 3*u - 476 = -2699. List the prime factors of i.
3, 5, 7
Let u be (7319/(-26))/(6/4 - 2). Let p = u + -152. What are the prime factors of p?
3, 137
Let a = 4 - -11. Suppose -17*u + a = -22*u. What are the prime factors of u + (52 - (3 + (3 - 3)))?
2, 23
Let k = 23877 - 9693. List the prime factors of k.
2, 3, 197
Suppose 11*a - 933 - 750 = 0. Suppose 3*h - 365 = 4*j, -3*h = -5*j - 217 - a. List the prime factors of h.
5, 23
Let w = 301 - 273. Suppose w*z - 5735 = 2553. List the prime factors of z.
2, 37
Let x = -98050 - -146877. What are the prime factors of x?
157, 311
Let u(w) = 58*w + 180. Let a be u(-11). Let t = -435 - a. What are the prime factors of t?
23
Let x be -4906*((-1)/4)/((-8)/16). Let v = -1496 - x. Suppose 0 = 11*u - 1056 - v. What are the prime factors of u?
3, 61
List the prime factors of 3/(-7)*(-1138431)/69 + -1.
2, 5, 7, 101
Suppose 0 = -7*u - 5*l + 68042, -433*u + 4*l - 29146 = -436*u. List the prime factors of u.
2, 3, 1621
Let n(t) = -12 + 10 + 5*t + 10. Let o(s) = -s - 21. Let f be o(-21). List the prime factors of n(f).
2
Let t(w) = 3*w - 10. Let u be t(3). Let h be ((-4 - u)/(-6))/((-3)/(-360)). Suppose -y = -0*y - 5*x - 105, 4*x - h = -y. List the prime factors of y.
2, 5
Let r = -4738 + 16267. What are the prime factors of r?
3, 7, 61
Suppose 4*m + 14 = 3*i + 2*m, 26 = 3*i + 4*m. List the prime factors of (8 + 650/3)/(1/i).
2, 337
Let o(d) = d + 291. Let s be o(0). Suppose -5*m + s = -14. Suppose 4*c = 241 - m. List the prime factors of c.
3, 5
Let b(s) = 428*s**2 - 84*s - 206. What are the prime factors of b(9)?
2, 19, 887
Let b be -3*(-1)/(-3) + -4 + 3449. Suppose 3*a + 3930 = 4*y, 0 = 3*y - 3*a - b + 498. 